common divisor of 245 and 98.
49
Calculate the greatest common divisor of 3392 and 53.
53
Calculate the highest common divisor of 6720 and 7.
7
Calculate the highest common divisor of 2326 and 2.
2
Calculate the greatest common divisor of 224 and 70.
14
What is the highest common divisor of 87 and 2001?
87
Calculate the greatest common divisor of 93 and 1364.
31
What is the greatest common divisor of 7 and 77?
7
What is the greatest common divisor of 798 and 152?
38
What is the greatest common factor of 1748 and 76?
76
What is the greatest common factor of 1254 and 304?
38
Calculate the highest common factor of 111 and 3219.
111
What is the greatest common factor of 11637 and 81?
27
Calculate the greatest common divisor of 370 and 74.
74
Calculate the greatest common divisor of 123 and 246.
123
What is the greatest common factor of 4 and 38?
2
What is the highest common factor of 39 and 1053?
39
What is the highest common divisor of 280 and 238?
14
What is the highest common factor of 12 and 48?
12
Calculate the greatest common factor of 1332 and 36.
36
Calculate the highest common divisor of 4 and 1220.
4
Calculate the highest common divisor of 124 and 20.
4
Calculate the greatest common divisor of 26 and 299.
13
Calculate the greatest common divisor of 156 and 52.
52
What is the greatest common factor of 225 and 525?
75
Calculate the highest common divisor of 32 and 2128.
16
What is the highest common divisor of 162 and 138?
6
What is the highest common divisor of 417 and 3197?
139
Calculate the highest common factor of 612 and 36.
36
What is the greatest common factor of 82 and 533?
41
What is the greatest common factor of 1 and 149?
1
What is the highest common divisor of 109928 and 151?
151
What is the greatest common factor of 81 and 540?
27
What is the greatest common divisor of 1564 and 598?
46
Calculate the highest common divisor of 288 and 36.
36
What is the greatest common factor of 56 and 152?
8
What is the highest common divisor of 34 and 3502?
34
What is the highest common divisor of 902 and 205?
41
Calculate the highest common divisor of 64 and 12.
4
What is the greatest common factor of 92 and 345?
23
What is the highest common factor of 1717 and 34?
17
What is the highest common factor of 836 and 407?
11
Calculate the greatest common factor of 16 and 21064.
8
Calculate the greatest common divisor of 2442 and 7733.
407
Calculate the greatest common divisor of 651 and 49.
7
Calculate the greatest common factor of 220 and 132.
44
What is the greatest common factor of 260 and 208?
52
What is the highest common divisor of 9 and 576?
9
Calculate the greatest common factor of 320 and 1490.
10
What is the highest common divisor of 39 and 14079?
39
What is the highest common factor of 3674 and 5678?
334
What is the greatest common divisor of 530 and 2014?
106
Calculate the highest common divisor of 95 and 7315.
95
Calculate the greatest common factor of 1660 and 10292.
332
Calculate the highest common factor of 268 and 4.
4
What is the highest common divisor of 4 and 268?
4
What is the highest common divisor of 15 and 285?
15
Calculate the greatest common factor of 125 and 25.
25
What is the highest common factor of 148 and 2997?
37
What is the highest common divisor of 3 and 69?
3
Calculate the greatest common divisor of 328 and 82.
82
What is the highest common divisor of 2410 and 10?
10
What is the highest common divisor of 1449 and 2254?
161
Calculate the highest common factor of 96 and 15328.
32
Calculate the highest common divisor of 322 and 184.
46
Calculate the greatest common divisor of 899 and 29.
29
What is the highest common factor of 629 and 391?
17
What is the greatest common factor of 9 and 126?
9
What is the highest common divisor of 114 and 17594?
38
What is the highest common factor of 182 and 78?
26
Calculate the highest common divisor of 18 and 3042.
18
What is the greatest common factor of 69 and 184?
23
Calculate the highest common divisor of 45 and 855.
45
Calculate the greatest common factor of 13 and 1053.
13
What is the greatest common factor of 4085 and 1900?
95
Calculate the highest common factor of 96 and 7152.
48
What is the highest common factor of 102 and 170?
34
What is the greatest common factor of 4794 and 102?
102
What is the highest common factor of 320 and 11120?
80
What is the highest common divisor of 66 and 1408?
22
What is the highest common divisor of 36 and 5283?
9
Calculate the highest common divisor of 104 and 24414.
26
What is the greatest common divisor of 580 and 80?
20
What is the greatest common factor of 161 and 14?
7
What is the greatest common factor of 790 and 237?
79
What is the greatest common divisor of 1074 and 6?
6
Calculate the greatest common divisor of 5 and 2.
1
What is the highest common factor of 1068 and 24?
12
What is the highest common divisor of 52 and 12233?
13
What is the greatest common factor of 12767 and 136?
17
What is the greatest common divisor of 8918 and 26?
26
What is the highest common factor of 172 and 4?
4
Calculate the highest common divisor of 126 and 657.
9
Calculate the greatest common factor of 533 and 39.
13
What is the highest common factor of 5252 and 8?
4
What is the highest common factor of 1469 and 767?
13
Calculate the greatest common factor of 377 and 522.
29
Calculate the highest common factor of 14 and 4158.
14
Calculate the greatest common factor of 164 and 540.
4
Calculate the highest common divisor of 70 and 28.
14
Calculate the highest common factor of 200 and 175.
25
What is the highest common factor of 391 and 92?
23
What is the greatest common divisor of 387 and 3?
3
What is the highest common divisor of 3 and 1311?
3
Calculate the greatest common divisor of 23 and 2346.
23
Calculate the highest common factor of 29 and 13543.
29
Calculate the highest common divisor of 42 and 546.
42
Calculate the highest common factor of 49 and 147.
49
Calculate the highest common divisor of 374 and 2210.
34
What is the greatest common factor of 1545 and 30?
15
Calculate the highest common factor of 107 and 535.
107
Calculate the greatest common factor of 119 and 17.
17
Calculate the greatest common factor of 285 and 2622.
57
What is the greatest common factor of 12 and 92?
4
What is the highest common divisor of 60 and 72?
12
Calculate the highest common factor of 209 and 803.
11
Calculate the highest common divisor of 253 and 575.
23
What is the highest common factor of 11 and 176?
11
What is the greatest common factor of 84 and 1148?
28
What is the greatest common factor of 45 and 405?
45
Calculate the highest common divisor of 134 and 1675.
67
Calculate the highest common factor of 5754 and 84.
42
Calculate the highest common factor of 22659 and 39.
39
Calculate the highest common divisor of 59 and 649.
59
Calculate the greatest common factor of 40 and 47480.
40
What is the highest common divisor of 44 and 4?
4
What is the greatest common factor of 4352 and 256?
256
Calculate the highest common factor of 13208 and 312.
104
What is the greatest common divisor of 52 and 1430?
26
Calculate the highest common divisor of 3289 and 69.
23
What is the highest common factor of 114 and 532?
38
Calculate the highest common divisor of 2686 and 6952.
158
What is the greatest common divisor of 49 and 1617?
49
Calculate the greatest common divisor of 1230 and 330.
30
What is the greatest common factor of 322 and 56?
14
What is the highest common divisor of 26 and 48529?
13
Calculate the greatest common factor of 40836 and 12.
12
What is the highest common factor of 8808 and 24?
24
Calculate the highest common divisor of 25 and 1175.
25
What is the greatest common divisor of 119 and 28?
7
What is the greatest common divisor of 720 and 13248?
144
What is the greatest common divisor of 1696 and 96?
32
What is the highest common divisor of 120 and 8?
8
What is the highest common factor of 7424 and 640?
128
Calculate the greatest common factor of 112 and 70.
14
Calculate the highest common factor of 82 and 34.
2
What is the highest common factor of 96 and 15?
3
Calculate the greatest common factor of 20840 and 40.
40
What is the greatest common divisor of 7656 and 18?
6
What is the greatest common divisor of 60202 and 62?
62
What is the highest common divisor